{"id":1122,"date":"2021-01-25T10:17:56","date_gmt":"2021-01-25T09:17:56","guid":{"rendered":"http:\/\/lyceejeanbart.fr\/?page_id=1122"},"modified":"2025-06-17T14:57:37","modified_gmt":"2025-06-17T12:57:37","slug":"rencontres","status":"publish","type":"page","link":"https:\/\/www.lyceejeanbart.fr\/index.php\/rencontres\/","title":{"rendered":"Rencontres"},"content":{"rendered":"<p class=\"spip\"><strong>Voici l&rsquo;historique des rencontres avec diff\u00e9rents \u00e9crivains et journalistes:<\/strong><\/p>\n<p>&nbsp;<\/p>\n<ul>\n<li><strong>Les 28 mars et 03 Avril 2025: Elisa Perrigeur, Journaliste<\/strong><\/li>\n<li><a href=\"https:\/\/www.lyceejeanbart.fr\/index.php\/philippe-gerin-un-ecrivain-confirme-nos-eleves-des-ecrivains-en-devenir\/\"><span style=\"color: #0000ff;\">Le 18 novembre 2024 : Philippe Gerin<\/span><\/a><\/li>\n<\/ul>\n<ul>\n<li><a href=\"https:\/\/www.lyceejeanbart.fr\/index.php\/2024\/09\/25\/simon-henry\/\"><span style=\"color: #0000ff;\">Le 28 mai 2024: Simon Henry, journaliste<\/span><\/a><\/li>\n<li><a href=\"https:\/\/www.lyceejeanbart.fr\/index.php\/2023\/12\/01\/vision-denfant-ecriture-dadulte\/\"><span style=\"color: #0000ff;\">Le 21 novembre 2023 : Velina Minkoff<\/span><\/a><\/li>\n<li><a href=\"https:\/\/www.lyceejeanbart.fr\/index.php\/2023\/02\/03\/ecrivains-et-journalistes\/\"><span style=\"color: #0000ff;\">Les 27 mars et 31 mars 2023 : Hugo Nazarenko, <\/span><span style=\"color: #3366ff;\"><span style=\"color: #0000ff;\">journaliste<\/span><\/span><\/a><\/li>\n<li><span style=\"color: #0000ff;\"><a style=\"color: #0000ff;\" href=\" https:\/\/www.lyceejeanbart.fr\/index.php\/2023\/01\/23\/ecrire-des-romans\/\">15 d\u00e9cembre 2022 : Camille Zabka<\/a><\/span><\/li>\n<li><span style=\"color: #0000ff;\"><a style=\"color: #0000ff;\" href=\"https:\/\/www.lyceejeanbart.fr\/index.php\/2022\/07\/04\/un-poete-de-la-region\/\">03 juin 2022 : Philippe Fumery<\/a><\/span><\/li>\n<li><span style=\"color: #0000ff;\"><a style=\"color: #0000ff;\" href=\"https:\/\/www.lyceejeanbart.fr\/index.php\/2021\/05\/25\/ecrire-dit-il\/\">25 mai 2021: Jean-Marc Turine<\/a><\/span><\/li>\n<li><span style=\"color: #0000ff;\"><a style=\"color: #0000ff;\" href=\"https:\/\/www.lyceejeanbart.fr\/index.php\/2021\/05\/21\/une-ecrivaine-engagee\/\">21 mai 2021: Maria Poblete<\/a><\/span><\/li>\n<li><span style=\"color: #0000ff;\"><a style=\"color: #0000ff;\" href=\"https:\/\/www.lyceejeanbart.fr\/index.php\/2021\/02\/04\/du-sport-a-lecriture-francois-henri-deserable-au-cdi-le-18-octobre-2019-2\/\" target=\"_blank\" rel=\"noopener\">18 octobre 2019 : Fran\u00e7ois-Henri D\u00e9s\u00e9rable<\/a><\/span><\/li>\n<li><span style=\"color: #0000ff;\"><a style=\"color: #0000ff;\" href=\"https:\/\/www.lyceejeanbart.fr\/index.php\/2021\/02\/04\/monsieur-tartar-au-lycee-2\/\" target=\"_blank\" rel=\"noopener\">25 septembre 2019 : Monsieur Tartar au lyc\u00e9e<\/a><\/span><\/li>\n<li><span style=\"color: #0000ff;\"><a style=\"color: #0000ff;\" href=\"https:\/\/www.lyceejeanbart.fr\/index.php\/2021\/02\/03\/mars-mai-2019-sarah-lou-lepers-journaliste-2\/\" target=\"_blank\" rel=\"noopener\">mars-mai 2019 : Sarah-Lou Lepers<\/a><\/span><\/li>\n<li><span style=\"color: #0000ff;\"><a style=\"color: #0000ff;\" href=\"https:\/\/www.lyceejeanbart.fr\/index.php\/2021\/02\/03\/10-mai-2019-samantha-barendson-2\/\">10 mai 2019 : Samantha Barendson<\/a><\/span><\/li>\n<li><span style=\"color: #0000ff;\"><a style=\"color: #0000ff;\" href=\"https:\/\/www.lyceejeanbart.fr\/index.php\/2021\/02\/03\/le-13-novembre-2018-lenka-hornakova-civade-2\/\" target=\"_blank\" rel=\"noopener\">13 novembre 2018 : Lenka Hornakova-Civade<\/a><\/span><\/li>\n<li><span style=\"color: #0000ff;\"><a style=\"color: #0000ff;\" href=\"https:\/\/www.lyceejeanbart.fr\/index.php\/2023\/01\/23\/sandrine-lana-journaliste-2\/\" target=\"_blank\" rel=\"noopener\">19 avril et 17 mai 2018 : Sandrine Lana, journaliste<\/a><\/span><\/li>\n<li><span style=\"color: #0000ff;\"><a style=\"color: #0000ff;\" href=\"https:\/\/www.lyceejeanbart.fr\/index.php\/2021\/02\/03\/paola-pigani-le-11-avril-2018-lecrivaine-2\/\" target=\"_blank\" rel=\"noopener\">11 avril 2018 : Paola Pigani<\/a><\/span><\/li>\n<li><span style=\"color: #0000ff;\"><a style=\"color: #0000ff;\" href=\"https:\/\/www.lyceejeanbart.fr\/index.php\/2021\/02\/03\/19-mars-2018-angel-de-la-calle-2\/\" target=\"_blank\" rel=\"noopener\">19 mars 2018 : Angel de la Calle<\/a><\/span><\/li>\n<li><span style=\"color: #0000ff;\"><a style=\"color: #0000ff;\" href=\"https:\/\/www.lyceejeanbart.fr\/index.php\/2021\/02\/03\/ana-ancienne-eleve-du-lycee-et-aujourdhui-scenariste-de-bande-dessinee-2\/\" target=\"_blank\" rel=\"noopener\">janvier 2018 : Ana, ancienne \u00e9l\u00e8ve du lyc\u00e9e<\/a><\/span><\/li>\n<li><a href=\"https:\/\/www.lyceejeanbart.fr\/index.php\/2021\/02\/03\/laure-andersune-ecrivaine-aux-pseudonymes-une-ecrivaine-aux-multiples-facettes-2\/\" target=\"_blank\" rel=\"noopener\"><span style=\"color: #0000ff;\">novembre 2017 : Laure Anders<\/span><\/a><\/li>\n<li><a href=\"https:\/\/www.lyceejeanbart.fr\/index.php\/2021\/02\/03\/venue-de-darragh-mac-keon-2\/\" target=\"_blank\" rel=\"noopener\"><span style=\"color: #0000ff;\">novembre 2017 : Darragh Mac Keon<\/span><\/a><\/li>\n<li><a href=\"https:\/\/www.lyceejeanbart.fr\/index.php\/2021\/02\/02\/la-rencontre-avec-gaspard-marie-janvier-un-bain-daventure-a-notre-portee-2\/\" target=\"_blank\" rel=\"noopener\"><span style=\"color: #0000ff;\">22 mai 2017 : Gaspard-Marie Janvier<\/span><\/a><\/li>\n<\/ul>\n<p><span style=\"color: #000000; font-family: georgia, palatino, serif; font-size: 12pt;\"><u>Autres \u00e9crivains re\u00e7us au lyc\u00e9e entre 2009 et 2017\u00a0:<\/u><\/span><\/p>\n<ul>\n<li>Eva Almassy<\/li>\n<li>Eugenia Almeida<\/li>\n<li>Claire Audhuy<\/li>\n<li>Alain Bertrand<\/li>\n<li>Rafael Cadenas<\/li>\n<li>Brian Chikwava<\/li>\n<li>Genevi\u00e8ve Damas<\/li>\n<li>Nadine Laporte<\/li>\n<li>Ana\u00efs Llobet<\/li>\n<li>Catherine Lovey<\/li>\n<li>Myriam Montoya<\/li>\n<li>Tuy\u00eat-Nga Nguy\u00ean<\/li>\n<li>Paola Pigani<\/li>\n<li>Robert Rapilly<\/li>\n<li>Ricardo Romero<\/li>\n<li>Marie Theulot<\/li>\n<li>Olivier-Germain Thomas<\/li>\n<li>B\u00e9atrice Wilmos<\/li>\n<\/ul>\n","protected":false},"excerpt":{"rendered":"<p>Voici l&rsquo;historique des rencontres avec diff\u00e9rents \u00e9crivains et journalistes: &nbsp; Les 28 mars et 03 Avril 2025: Elisa Perrigeur, Journaliste Le 18 novembre 2024 : Philippe Gerin Le 28 mai 2024: Simon Henry, journaliste Le 21 novembre 2023 : Velina Minkoff Les 27 mars et 31 mars 2023 : Hugo Nazarenko, journaliste 15 d\u00e9cembre 2022 [&hellip;]<\/p>\n","protected":false},"author":1,"featured_media":0,"parent":0,"menu_order":0,"comment_status":"closed","ping_status":"closed","template":"","meta":{"ocean_post_layout":"","ocean_both_sidebars_style":"","ocean_both_sidebars_content_width":0,"ocean_both_sidebars_sidebars_width":0,"ocean_sidebar":"0","ocean_second_sidebar":"0","ocean_disable_margins":"enable","ocean_add_body_class":"","ocean_shortcode_before_top_bar":"","ocean_shortcode_after_top_bar":"","ocean_shortcode_before_header":"","ocean_shortcode_after_header":"","ocean_has_shortcode":"","ocean_shortcode_after_title":"","ocean_shortcode_before_footer_widgets":"","ocean_shortcode_after_footer_widgets":"","ocean_shortcode_before_footer_bottom":"","ocean_shortcode_after_footer_bottom":"","ocean_display_top_bar":"default","ocean_display_header":"default","ocean_header_style":"","ocean_center_header_left_menu":"0","ocean_custom_header_template":"0","ocean_custom_logo":0,"ocean_custom_retina_logo":0,"ocean_custom_logo_max_width":0,"ocean_custom_logo_tablet_max_width":0,"ocean_custom_logo_mobile_max_width":0,"ocean_custom_logo_max_height":0,"ocean_custom_logo_tablet_max_height":0,"ocean_custom_logo_mobile_max_height":0,"ocean_header_custom_menu":"0","ocean_menu_typo_font_family":"0","ocean_menu_typo_font_subset":"","ocean_menu_typo_font_size":0,"ocean_menu_typo_font_size_tablet":0,"ocean_menu_typo_font_size_mobile":0,"ocean_menu_typo_font_size_unit":"px","ocean_menu_typo_font_weight":"","ocean_menu_typo_font_weight_tablet":"","ocean_menu_typo_font_weight_mobile":"","ocean_menu_typo_transform":"","ocean_menu_typo_transform_tablet":"","ocean_menu_typo_transform_mobile":"","ocean_menu_typo_line_height":0,"ocean_menu_typo_line_height_tablet":0,"ocean_menu_typo_line_height_mobile":0,"ocean_menu_typo_line_height_unit":"","ocean_menu_typo_spacing":0,"ocean_menu_typo_spacing_tablet":0,"ocean_menu_typo_spacing_mobile":0,"ocean_menu_typo_spacing_unit":"","ocean_menu_link_color":"","ocean_menu_link_color_hover":"","ocean_menu_link_color_active":"","ocean_menu_link_background":"","ocean_menu_link_hover_background":"","ocean_menu_link_active_background":"","ocean_menu_social_links_bg":"","ocean_menu_social_hover_links_bg":"","ocean_menu_social_links_color":"","ocean_menu_social_hover_links_color":"","ocean_disable_title":"default","ocean_disable_heading":"default","ocean_post_title":"","ocean_post_subheading":"","ocean_post_title_style":"","ocean_post_title_background_color":"","ocean_post_title_background":0,"ocean_post_title_bg_image_position":"","ocean_post_title_bg_image_attachment":"","ocean_post_title_bg_image_repeat":"","ocean_post_title_bg_image_size":"","ocean_post_title_height":0,"ocean_post_title_bg_overlay":0.5,"ocean_post_title_bg_overlay_color":"","ocean_disable_breadcrumbs":"default","ocean_breadcrumbs_color":"","ocean_breadcrumbs_separator_color":"","ocean_breadcrumbs_links_color":"","ocean_breadcrumbs_links_hover_color":"","ocean_display_footer_widgets":"default","ocean_display_footer_bottom":"default","ocean_custom_footer_template":"0","footnotes":""},"_links":{"self":[{"href":"https:\/\/www.lyceejeanbart.fr\/index.php\/wp-json\/wp\/v2\/pages\/1122"}],"collection":[{"href":"https:\/\/www.lyceejeanbart.fr\/index.php\/wp-json\/wp\/v2\/pages"}],"about":[{"href":"https:\/\/www.lyceejeanbart.fr\/index.php\/wp-json\/wp\/v2\/types\/page"}],"author":[{"embeddable":true,"href":"https:\/\/www.lyceejeanbart.fr\/index.php\/wp-json\/wp\/v2\/users\/1"}],"replies":[{"embeddable":true,"href":"https:\/\/www.lyceejeanbart.fr\/index.php\/wp-json\/wp\/v2\/comments?post=1122"}],"version-history":[{"count":50,"href":"https:\/\/www.lyceejeanbart.fr\/index.php\/wp-json\/wp\/v2\/pages\/1122\/revisions"}],"predecessor-version":[{"id":8044,"href":"https:\/\/www.lyceejeanbart.fr\/index.php\/wp-json\/wp\/v2\/pages\/1122\/revisions\/8044"}],"wp:attachment":[{"href":"https:\/\/www.lyceejeanbart.fr\/index.php\/wp-json\/wp\/v2\/media?parent=1122"}],"curies":[{"name":"wp","href":"https:\/\/api.w.org\/{rel}","templated":true}]}}

<p class="spip"><strong>Voici l&rsquo;historique des rencontres avec différents écrivains et journalistes:</strong></p>
<p>&nbsp;</p>
<ul>
<li><strong>Les 28 mars et 03 Avril 2025: Elisa Perrigeur, Journaliste</strong></li>
<li><a href="https://www.lyceejeanbart.fr/index.php/philippe-gerin-un-ecrivain-confirme-nos-eleves-des-ecrivains-en-devenir/"><span style="color: #0000ff;">Le 18 novembre 2024 : Philippe Gerin</span></a></li>
</ul>
<ul>
<li><a href="https://www.lyceejeanbart.fr/index.php/2024/09/25/simon-henry/"><span style="color: #0000ff;">Le 28 mai 2024: Simon Henry, journaliste</span></a></li>
<li><a href="https://www.lyceejeanbart.fr/index.php/2023/12/01/vision-denfant-ecriture-dadulte/"><span style="color: #0000ff;">Le 21 novembre 2023 : Velina Minkoff</span></a></li>
<li><a href="https://www.lyceejeanbart.fr/index.php/2023/02/03/ecrivains-et-journalistes/"><span style="color: #0000ff;">Les 27 mars et 31 mars 2023 : Hugo Nazarenko, </span><span style="color: #3366ff;"><span style="color: #0000ff;">journaliste</span></span></a></li>
<li><span style="color: #0000ff;"><a style="color: #0000ff;" href=" https://www.lyceejeanbart.fr/index.php/2023/01/23/ecrire-des-romans/">15 décembre 2022 : Camille Zabka</a></span></li>
<li><span style="color: #0000ff;"><a style="color: #0000ff;" href="https://www.lyceejeanbart.fr/index.php/2022/07/04/un-poete-de-la-region/">03 juin 2022 : Philippe Fumery</a></span></li>
<li><span style="color: #0000ff;"><a style="color: #0000ff;" href="https://www.lyceejeanbart.fr/index.php/2021/05/25/ecrire-dit-il/">25 mai 2021: Jean-Marc Turine</a></span></li>
<li><span style="color: #0000ff;"><a style="color: #0000ff;" href="https://www.lyceejeanbart.fr/index.php/2021/05/21/une-ecrivaine-engagee/">21 mai 2021: Maria Poblete</a></span></li>
<li><span style="color: #0000ff;"><a style="color: #0000ff;" href="https://www.lyceejeanbart.fr/index.php/2021/02/04/du-sport-a-lecriture-francois-henri-deserable-au-cdi-le-18-octobre-2019-2/" target="_blank" rel="noopener">18 octobre 2019 : François-Henri Désérable</a></span></li>
<li><span style="color: #0000ff;"><a style="color: #0000ff;" href="https://www.lyceejeanbart.fr/index.php/2021/02/04/monsieur-tartar-au-lycee-2/" target="_blank" rel="noopener">25 septembre 2019 : Monsieur Tartar au lycée</a></span></li>
<li><span style="color: #0000ff;"><a style="color: #0000ff;" href="https://www.lyceejeanbart.fr/index.php/2021/02/03/mars-mai-2019-sarah-lou-lepers-journaliste-2/" target="_blank" rel="noopener">mars-mai 2019 : Sarah-Lou Lepers</a></span></li>
<li><span style="color: #0000ff;"><a style="color: #0000ff;" href="https://www.lyceejeanbart.fr/index.php/2021/02/03/10-mai-2019-samantha-barendson-2/">10 mai 2019 : Samantha Barendson</a></span></li>
<li><span style="color: #0000ff;"><a style="color: #0000ff;" href="https://www.lyceejeanbart.fr/index.php/2021/02/03/le-13-novembre-2018-lenka-hornakova-civade-2/" target="_blank" rel="noopener">13 novembre 2018 : Lenka Hornakova-Civade</a></span></li>
<li><span style="color: #0000ff;"><a style="color: #0000ff;" href="https://www.lyceejeanbart.fr/index.php/2023/01/23/sandrine-lana-journaliste-2/" target="_blank" rel="noopener">19 avril et 17 mai 2018 : Sandrine Lana, journaliste</a></span></li>
<li><span style="color: #0000ff;"><a style="color: #0000ff;" href="https://www.lyceejeanbart.fr/index.php/2021/02/03/paola-pigani-le-11-avril-2018-lecrivaine-2/" target="_blank" rel="noopener">11 avril 2018 : Paola Pigani</a></span></li>
<li><span style="color: #0000ff;"><a style="color: #0000ff;" href="https://www.lyceejeanbart.fr/index.php/2021/02/03/19-mars-2018-angel-de-la-calle-2/" target="_blank" rel="noopener">19 mars 2018 : Angel de la Calle</a></span></li>
<li><span style="color: #0000ff;"><a style="color: #0000ff;" href="https://www.lyceejeanbart.fr/index.php/2021/02/03/ana-ancienne-eleve-du-lycee-et-aujourdhui-scenariste-de-bande-dessinee-2/" target="_blank" rel="noopener">janvier 2018 : Ana, ancienne élève du lycée</a></span></li>
<li><a href="https://www.lyceejeanbart.fr/index.php/2021/02/03/laure-andersune-ecrivaine-aux-pseudonymes-une-ecrivaine-aux-multiples-facettes-2/" target="_blank" rel="noopener"><span style="color: #0000ff;">novembre 2017 : Laure Anders</span></a></li>
<li><a href="https://www.lyceejeanbart.fr/index.php/2021/02/03/venue-de-darragh-mac-keon-2/" target="_blank" rel="noopener"><span style="color: #0000ff;">novembre 2017 : Darragh Mac Keon</span></a></li>
<li><a href="https://www.lyceejeanbart.fr/index.php/2021/02/02/la-rencontre-avec-gaspard-marie-janvier-un-bain-daventure-a-notre-portee-2/" target="_blank" rel="noopener"><span style="color: #0000ff;">22 mai 2017 : Gaspard-Marie Janvier</span></a></li>
</ul>
<p><span style="color: #000000; font-family: georgia, palatino, serif; font-size: 12pt;"><u>Autres écrivains reçus au lycée entre 2009 et 2017 :</u></span></p>
<ul>
<li>Eva Almassy</li>
<li>Eugenia Almeida</li>
<li>Claire Audhuy</li>
<li>Alain Bertrand</li>
<li>Rafael Cadenas</li>
<li>Brian Chikwava</li>
<li>Geneviève Damas</li>
<li>Nadine Laporte</li>
<li>Anaïs Llobet</li>
<li>Catherine Lovey</li>
<li>Myriam Montoya</li>
<li>Tuyêt-Nga Nguyên</li>
<li>Paola Pigani</li>
<li>Robert Rapilly</li>
<li>Ricardo Romero</li>
<li>Marie Theulot</li>
<li>Olivier-Germain Thomas</li>
<li>Béatrice Wilmos</li>
</ul>

<p>Voici l&rsquo;historique des rencontres avec différents écrivains et journalistes: &nbsp; Les 28 mars et 03 Avril 2025: Elisa Perrigeur, Journaliste Le 18 novembre 2024 : Philippe Gerin Le 28 mai 2024: Simon Henry, journaliste Le 21 novembre 2023 : Velina Minkoff Les 27 mars et 31 mars 2023 : Hugo Nazarenko, journaliste 15 décembre 2022 [&hellip;]</p>
