{"id":1294,"date":"2021-02-10T11:48:04","date_gmt":"2021-02-10T10:48:04","guid":{"rendered":"http:\/\/lyceejeanbart.fr\/?page_id=1294"},"modified":"2024-09-04T09:57:11","modified_gmt":"2024-09-04T07:57:11","slug":"restauration","status":"publish","type":"page","link":"https:\/\/www.lyceejeanbart.fr\/index.php\/restauration\/","title":{"rendered":"Pr\u00e9sentation"},"content":{"rendered":"<p><strong>PRESENTATION DU RESTAURANT SCOLAIRE<\/strong><\/p>\n<p>Le self est ouvert de fa\u00e7on ininterrompue du lundi au vendredi, de 11h00 \u00e0 13h45.<\/p>\n<p><strong>CONTROLE D\u2019ACC\u00c8S AU SELF<\/strong><\/p>\n<p>Les \u00e9l\u00e8ves ont la possibilit\u00e9 de choisir entre les plats cuisin\u00e9s ou la grillade, en badgeant sur l\u2019une des deux bornes situ\u00e9es \u00e0 l\u2019entr\u00e9e. L\u2019\u00e9tablissement est engag\u00e9 dans une d\u00e9marche de qualit\u00e9 en utilisant le plus possible les produits frais. A ce titre les \u00e9l\u00e8ves ont acc\u00e8s tous les jours au \u00ab\u00a0Salad\u2019bar\u00a0\u00bb dans lequel sont servies des crudit\u00e9s et des salades pr\u00e9par\u00e9es par l\u2019\u00e9quipe de cuisine.<\/p>\n<p>En d\u00e9but d\u2019ann\u00e9e et pour leur scolarit\u00e9, les \u00e9l\u00e8ves re\u00e7oivent une carte de lyc\u00e9en qui donne acc\u00e8s au restaurant scolaire. En cas de perte, une nouvelle carte sera factur\u00e9e 8,00\u20ac.<\/p>\n<p>La carte est personnelle (nom, photo), le pr\u00eat ou l\u2019\u00e9change de cette carte est strictement interdit.<\/p>\n<p>L\u2019acc\u00e8s au self se fait uniquement sur pr\u00e9sentation de la carte. En cas d\u2019oubli, l\u2019\u00e9l\u00e8ve\/l\u2019\u00e9tudiant concern\u00e9 passe en fin de service, ou g\u00e9n\u00e8re un ticket sur le kiosque situ\u00e9 dans le hall d\u2019honneur ou dans le hall du b\u00e2timent F.<\/p>\n<p><strong>TARIF DU REPAS ET MODALIT\u00c9 D\u2019APPROVISIONNEMENT DU COMPTE<\/strong><\/p>\n<p>Le prix du repas \u00ab \u00e9l\u00e8ves \u00bb est de 3,95\u20ac (tarif fix\u00e9 par la R\u00e9gion et r\u00e9visable au 1er septembre de l\u2019ann\u00e9e suivante).<\/p>\n<p>Le compte de l\u2019\u00e9l\u00e8ve est cr\u00e9dit\u00e9 pour un minimum de 10 repas. Il doit \u00eatre r\u00e9guli\u00e8rement approvisionn\u00e9. En cas de solde n\u00e9gatif, l\u2019\u00e9l\u00e8ve ne sera pas autoris\u00e9 \u00e0 passer au self. En cas d\u2019oubli d\u2019approvisionnement, un distributeur de cartes repas \u00e0 usage unique au prix de 7.80\u20ac est \u00e0 la disposition des \u00e9l\u00e8ves pr\u00e8s de la borne au self.<\/p>\n<p><strong>MODES DE PAIEMENT<\/strong><\/p>\n<p>Par ch\u00e8que libell\u00e9 \u00e0 l\u2019ordre de l\u2019Agent comptable du lyc\u00e9e Jean Bart portant au dos l\u2019inscription du nom, du pr\u00e9nom et du num\u00e9ro de carte de l\u2019\u00e9l\u00e8ve. Il doit \u00eatre d\u00e9pos\u00e9 \u00e0 l\u2019Intendance au plus tard la veille avant 16h00 afin d\u2019\u00eatre cr\u00e9dit\u00e9 le lendemain sur le compte de l\u2019\u00e9l\u00e8ve.<\/p>\n<p>En esp\u00e8ces. L\u2019\u00e9l\u00e8ve d\u00e9sirant payer en esp\u00e8ces se pr\u00e9sentera obligatoirement \u00e0 l\u2019Intendance avant 15h00.<\/p>\n<p>Par carte bancaire. L\u2019\u00e9l\u00e8ve d\u00e9sirant payer par carte bancaire se pr\u00e9sentera obligatoirement \u00e0 l\u2019Intendance avant 15h00.<\/p>\n<p>Par Internet dans la rubrique Paiement en ligne du site. Un d\u00e9lai de 24 heures est n\u00e9cessaire pour que le compte soit approvisionn\u00e9.<\/p>\n<p><strong>REPAS<\/strong><\/p>\n<p>Les repas se d\u00e9roulent dans les salles de restauration. On ne peut y consommer que les repas pr\u00e9par\u00e9s par l\u2019Etablissement.<\/p>\n<p>Sauf exception d\u00fbment justifi\u00e9e, les \u00e9l\u00e8ves ne sont pas autoris\u00e9s \u00e0 apporter leur repas au lyc\u00e9e.<\/p>\n<p>Les sandwiches ou paniers repas confectionn\u00e9s par l\u2019Etablissement sont consomm\u00e9s exclusivement dans la salle de restauration, sauf dispositions particuli\u00e8res.<\/p>\n","protected":false},"excerpt":{"rendered":"<p>PRESENTATION DU RESTAURANT SCOLAIRE Le self est ouvert de fa\u00e7on ininterrompue du lundi au vendredi, de 11h00 \u00e0 13h45. CONTROLE D\u2019ACC\u00c8S AU SELF Les \u00e9l\u00e8ves ont la possibilit\u00e9 de choisir entre les plats cuisin\u00e9s ou la grillade, en badgeant sur l\u2019une des deux bornes situ\u00e9es \u00e0 l\u2019entr\u00e9e. L\u2019\u00e9tablissement est engag\u00e9 dans une d\u00e9marche de qualit\u00e9 [&hellip;]<\/p>\n","protected":false},"author":11,"featured_media":0,"parent":0,"menu_order":0,"comment_status":"closed","ping_status":"closed","template":"","meta":{"ocean_post_layout":"","ocean_both_sidebars_style":"","ocean_both_sidebars_content_width":0,"ocean_both_sidebars_sidebars_width":0,"ocean_sidebar":"0","ocean_second_sidebar":"0","ocean_disable_margins":"enable","ocean_add_body_class":"","ocean_shortcode_before_top_bar":"","ocean_shortcode_after_top_bar":"","ocean_shortcode_before_header":"","ocean_shortcode_after_header":"","ocean_has_shortcode":"","ocean_shortcode_after_title":"","ocean_shortcode_before_footer_widgets":"","ocean_shortcode_after_footer_widgets":"","ocean_shortcode_before_footer_bottom":"","ocean_shortcode_after_footer_bottom":"","ocean_display_top_bar":"default","ocean_display_header":"default","ocean_header_style":"","ocean_center_header_left_menu":"0","ocean_custom_header_template":"0","ocean_custom_logo":0,"ocean_custom_retina_logo":0,"ocean_custom_logo_max_width":0,"ocean_custom_logo_tablet_max_width":0,"ocean_custom_logo_mobile_max_width":0,"ocean_custom_logo_max_height":0,"ocean_custom_logo_tablet_max_height":0,"ocean_custom_logo_mobile_max_height":0,"ocean_header_custom_menu":"0","ocean_menu_typo_font_family":"0","ocean_menu_typo_font_subset":"","ocean_menu_typo_font_size":0,"ocean_menu_typo_font_size_tablet":0,"ocean_menu_typo_font_size_mobile":0,"ocean_menu_typo_font_size_unit":"px","ocean_menu_typo_font_weight":"","ocean_menu_typo_font_weight_tablet":"","ocean_menu_typo_font_weight_mobile":"","ocean_menu_typo_transform":"","ocean_menu_typo_transform_tablet":"","ocean_menu_typo_transform_mobile":"","ocean_menu_typo_line_height":0,"ocean_menu_typo_line_height_tablet":0,"ocean_menu_typo_line_height_mobile":0,"ocean_menu_typo_line_height_unit":"","ocean_menu_typo_spacing":0,"ocean_menu_typo_spacing_tablet":0,"ocean_menu_typo_spacing_mobile":0,"ocean_menu_typo_spacing_unit":"","ocean_menu_link_color":"","ocean_menu_link_color_hover":"","ocean_menu_link_color_active":"","ocean_menu_link_background":"","ocean_menu_link_hover_background":"","ocean_menu_link_active_background":"","ocean_menu_social_links_bg":"","ocean_menu_social_hover_links_bg":"","ocean_menu_social_links_color":"","ocean_menu_social_hover_links_color":"","ocean_disable_title":"default","ocean_disable_heading":"default","ocean_post_title":"","ocean_post_subheading":"","ocean_post_title_style":"","ocean_post_title_background_color":"","ocean_post_title_background":0,"ocean_post_title_bg_image_position":"","ocean_post_title_bg_image_attachment":"","ocean_post_title_bg_image_repeat":"","ocean_post_title_bg_image_size":"","ocean_post_title_height":0,"ocean_post_title_bg_overlay":0.5,"ocean_post_title_bg_overlay_color":"","ocean_disable_breadcrumbs":"default","ocean_breadcrumbs_color":"","ocean_breadcrumbs_separator_color":"","ocean_breadcrumbs_links_color":"","ocean_breadcrumbs_links_hover_color":"","ocean_display_footer_widgets":"default","ocean_display_footer_bottom":"default","ocean_custom_footer_template":"0","footnotes":""},"_links":{"self":[{"href":"https:\/\/www.lyceejeanbart.fr\/index.php\/wp-json\/wp\/v2\/pages\/1294"}],"collection":[{"href":"https:\/\/www.lyceejeanbart.fr\/index.php\/wp-json\/wp\/v2\/pages"}],"about":[{"href":"https:\/\/www.lyceejeanbart.fr\/index.php\/wp-json\/wp\/v2\/types\/page"}],"author":[{"embeddable":true,"href":"https:\/\/www.lyceejeanbart.fr\/index.php\/wp-json\/wp\/v2\/users\/11"}],"replies":[{"embeddable":true,"href":"https:\/\/www.lyceejeanbart.fr\/index.php\/wp-json\/wp\/v2\/comments?post=1294"}],"version-history":[{"count":17,"href":"https:\/\/www.lyceejeanbart.fr\/index.php\/wp-json\/wp\/v2\/pages\/1294\/revisions"}],"predecessor-version":[{"id":7230,"href":"https:\/\/www.lyceejeanbart.fr\/index.php\/wp-json\/wp\/v2\/pages\/1294\/revisions\/7230"}],"wp:attachment":[{"href":"https:\/\/www.lyceejeanbart.fr\/index.php\/wp-json\/wp\/v2\/media?parent=1294"}],"curies":[{"name":"wp","href":"https:\/\/api.w.org\/{rel}","templated":true}]}}