{"id":3120,"date":"2021-03-21T16:20:56","date_gmt":"2021-03-21T15:20:56","guid":{"rendered":"https:\/\/www.lyceejeanbart.fr\/?page_id=3120"},"modified":"2021-03-21T16:20:56","modified_gmt":"2021-03-21T15:20:56","slug":"option-mathematiques-expertes","status":"publish","type":"page","link":"https:\/\/www.lyceejeanbart.fr\/index.php\/option-mathematiques-expertes\/","title":{"rendered":"Option &#8211; Math\u00e9matiques Expertes"},"content":{"rendered":"<table style=\"height: 255px; width: 100%; border-collapse: collapse;\">\n<tbody>\n<tr>\n<td style=\"background-color: #bcd2d4;\" colspan=\"2\">\n<h1>Niveau : Terminale<\/h1>\n<\/td>\n<\/tr>\n<tr style=\"height: 24px;\">\n<td style=\"height: 24px; width: 30%; text-align: center; vertical-align: top;\">&nbsp;<\/p>\n<p><img decoding=\"async\" class=\"aligncenter wp-image-3122\" src=\"https:\/\/www.lyceejeanbart.fr\/wp-content\/uploads\/2021\/03\/Expertes-1.jpg\" alt=\"\" width=\"300\" height=\"146\" srcset=\"https:\/\/www.lyceejeanbart.fr\/wp-content\/uploads\/2021\/03\/Expertes-1.jpg 381w, https:\/\/www.lyceejeanbart.fr\/wp-content\/uploads\/2021\/03\/Expertes-1-300x146.jpg 300w\" sizes=\"(max-width: 300px) 100vw, 300px\" \/><\/p>\n<p>&nbsp;<\/p>\n<p>&nbsp;<\/p>\n<p><img decoding=\"async\" class=\"aligncenter wp-image-3123\" src=\"https:\/\/www.lyceejeanbart.fr\/wp-content\/uploads\/2021\/03\/Expertes-2.jpg\" alt=\"\" width=\"380\" height=\"123\" srcset=\"https:\/\/www.lyceejeanbart.fr\/wp-content\/uploads\/2021\/03\/Expertes-2.jpg 467w, https:\/\/www.lyceejeanbart.fr\/wp-content\/uploads\/2021\/03\/Expertes-2-300x97.jpg 300w\" sizes=\"(max-width: 380px) 100vw, 380px\" \/><\/td>\n<td style=\"width: 50%; vertical-align: top; height: 24px; text-align: left;\">\n<h2><span style=\"font-size: 14pt;\">Choisir l\u2019option \u00ab\u00a0Maths Expertes\u00a0\u00bb<\/span><\/h2>\n<p><span style=\"font-size: 14pt;\">L\u2019ann\u00e9e de terminale permet de pr\u00e9parer les \u00e9tudes sup\u00e9rieures. A tous les \u00e9l\u00e8ves ayant choisi la sp\u00e9cialit\u00e9 \u00ab Math\u00e9matiques \u00bb, une option \u00ab Maths Expertes \u00bb est propos\u00e9e dans le but de parfaire leurs connaissances dans cette mati\u00e8re.<\/span><\/p>\n<p><span style=\"font-size: 14pt;\">A travers trois grands th\u00e8mes qui ont jalonn\u00e9 l\u2019histoire des math\u00e9matiques, et qui sont encore vivaces aujourd\u2019hui, cette option vous permettra, en plus de r\u00e9fl\u00e9chir \u00e0 la construction des savoirs math\u00e9matiques, d\u2019aborder des notions qui seront utilis\u00e9es et d\u00e9velopp\u00e9es dans les classes pr\u00e9paratoires et plus g\u00e9n\u00e9ralement dans les \u00e9tudes scientifiques.<\/span><\/p>\n<p><span style=\"font-size: 14pt;\">Dans tous les domaines des math\u00e9matiques, on s\u2019exerce \u00e0 la r\u00e9solution de probl\u00e8mes (notamment la r\u00e9solution d\u2019\u00e9quations) et \u00e0 la d\u00e9monstration des r\u00e9sultats. Ce travail n\u00e9cessite une grande rigueur dans les calculs et dans la r\u00e9daction, qu\u2019il est difficile d\u2019acqu\u00e9rir seul.e.<\/span><\/p>\n<p><span style=\"font-size: 14pt;\">L\u2019option \u00ab Maths Expertes \u00bb vous offrira l\u2019occasion de r\u00e9diger des d\u00e9monstrations, de r\u00e9soudre des probl\u00e8mes vari\u00e9s, de mettre en \u0153uvre votre rigueur et de l\u2019am\u00e9liorer.<\/span><\/p>\n<p><span style=\"font-size: 14pt;\">L\u2019option \u00ab Maths expertes \u00bb est particuli\u00e8rement indiqu\u00e9e pour les \u00e9l\u00e8ves qui souhaitent s\u2019orienter vers des classes pr\u00e9paratoires, et plus g\u00e9n\u00e9ralement, vers des \u00e9tudes scientifiques.<\/span><\/td>\n<\/tr>\n<tr style=\"height: 24px;\">\n<td style=\"height: 24px; width: 30%; text-align: center; vertical-align: top;\"><\/td>\n<td style=\"width: 50%; height: 24px; vertical-align: top;\"><\/td>\n<\/tr>\n<tr style=\"height: 260px;\">\n<td style=\"width: 30%; text-align: center; vertical-align: middle; background-color: #bcd2d4; height: 100px;\"><img decoding=\"async\" class=\"aligncenter wp-image-2824\" src=\"https:\/\/www.lyceejeanbart.fr\/wp-content\/uploads\/2021\/03\/atouts-3.jpg\" alt=\"\" width=\"250\" height=\"125\" srcset=\"https:\/\/www.lyceejeanbart.fr\/wp-content\/uploads\/2021\/03\/atouts-3.jpg 591w, https:\/\/www.lyceejeanbart.fr\/wp-content\/uploads\/2021\/03\/atouts-3-300x150.jpg 300w\" sizes=\"(max-width: 250px) 100vw, 250px\" \/><\/td>\n<td style=\"width: 50%; background-color: #bcd2d4; height: 100%; vertical-align: middle;\"><em>L\u2019option \u00ab Maths expertes \u00bb est particuli\u00e8rement indiqu\u00e9e pour les \u00e9l\u00e8ves qui souhaitent s\u2019orienter vers des classes pr\u00e9paratoires scientifiques, pr\u00e9sentes au lyc\u00e9e Jean Bart. Les professeurs qui enseignent cette option sont en lien direct avec les professeurs des classes pr\u00e9paratoires : ils interrogent chaque semaine les \u00e9tudiants de ces classes.<\/em><\/td>\n<\/tr>\n<\/tbody>\n<\/table>\n","protected":false},"excerpt":{"rendered":"<p>Niveau : Terminale &nbsp; &nbsp; &nbsp; Choisir l\u2019option \u00ab\u00a0Maths Expertes\u00a0\u00bb L\u2019ann\u00e9e de terminale permet de pr\u00e9parer les \u00e9tudes sup\u00e9rieures. A tous les \u00e9l\u00e8ves ayant choisi la sp\u00e9cialit\u00e9 \u00ab Math\u00e9matiques \u00bb, une option \u00ab Maths Expertes \u00bb est propos\u00e9e dans le but de parfaire leurs connaissances dans cette mati\u00e8re. A travers trois grands th\u00e8mes qui ont [&hellip;]<\/p>\n","protected":false},"author":4,"featured_media":0,"parent":0,"menu_order":0,"comment_status":"closed","ping_status":"closed","template":"","meta":{"ocean_post_layout":"","ocean_both_sidebars_style":"","ocean_both_sidebars_content_width":0,"ocean_both_sidebars_sidebars_width":0,"ocean_sidebar":"0","ocean_second_sidebar":"0","ocean_disable_margins":"enable","ocean_add_body_class":"","ocean_shortcode_before_top_bar":"","ocean_shortcode_after_top_bar":"","ocean_shortcode_before_header":"","ocean_shortcode_after_header":"","ocean_has_shortcode":"","ocean_shortcode_after_title":"","ocean_shortcode_before_footer_widgets":"","ocean_shortcode_after_footer_widgets":"","ocean_shortcode_before_footer_bottom":"","ocean_shortcode_after_footer_bottom":"","ocean_display_top_bar":"default","ocean_display_header":"default","ocean_header_style":"","ocean_center_header_left_menu":"0","ocean_custom_header_template":"0","ocean_custom_logo":0,"ocean_custom_retina_logo":0,"ocean_custom_logo_max_width":0,"ocean_custom_logo_tablet_max_width":0,"ocean_custom_logo_mobile_max_width":0,"ocean_custom_logo_max_height":0,"ocean_custom_logo_tablet_max_height":0,"ocean_custom_logo_mobile_max_height":0,"ocean_header_custom_menu":"0","ocean_menu_typo_font_family":"0","ocean_menu_typo_font_subset":"","ocean_menu_typo_font_size":0,"ocean_menu_typo_font_size_tablet":0,"ocean_menu_typo_font_size_mobile":0,"ocean_menu_typo_font_size_unit":"px","ocean_menu_typo_font_weight":"","ocean_menu_typo_font_weight_tablet":"","ocean_menu_typo_font_weight_mobile":"","ocean_menu_typo_transform":"","ocean_menu_typo_transform_tablet":"","ocean_menu_typo_transform_mobile":"","ocean_menu_typo_line_height":0,"ocean_menu_typo_line_height_tablet":0,"ocean_menu_typo_line_height_mobile":0,"ocean_menu_typo_line_height_unit":"","ocean_menu_typo_spacing":0,"ocean_menu_typo_spacing_tablet":0,"ocean_menu_typo_spacing_mobile":0,"ocean_menu_typo_spacing_unit":"","ocean_menu_link_color":"","ocean_menu_link_color_hover":"","ocean_menu_link_color_active":"","ocean_menu_link_background":"","ocean_menu_link_hover_background":"","ocean_menu_link_active_background":"","ocean_menu_social_links_bg":"","ocean_menu_social_hover_links_bg":"","ocean_menu_social_links_color":"","ocean_menu_social_hover_links_color":"","ocean_disable_title":"default","ocean_disable_heading":"default","ocean_post_title":"","ocean_post_subheading":"","ocean_post_title_style":"","ocean_post_title_background_color":"","ocean_post_title_background":0,"ocean_post_title_bg_image_position":"","ocean_post_title_bg_image_attachment":"","ocean_post_title_bg_image_repeat":"","ocean_post_title_bg_image_size":"","ocean_post_title_height":0,"ocean_post_title_bg_overlay":0.5,"ocean_post_title_bg_overlay_color":"","ocean_disable_breadcrumbs":"default","ocean_breadcrumbs_color":"","ocean_breadcrumbs_separator_color":"","ocean_breadcrumbs_links_color":"","ocean_breadcrumbs_links_hover_color":"","ocean_display_footer_widgets":"default","ocean_display_footer_bottom":"default","ocean_custom_footer_template":"0","footnotes":""},"_links":{"self":[{"href":"https:\/\/www.lyceejeanbart.fr\/index.php\/wp-json\/wp\/v2\/pages\/3120"}],"collection":[{"href":"https:\/\/www.lyceejeanbart.fr\/index.php\/wp-json\/wp\/v2\/pages"}],"about":[{"href":"https:\/\/www.lyceejeanbart.fr\/index.php\/wp-json\/wp\/v2\/types\/page"}],"author":[{"embeddable":true,"href":"https:\/\/www.lyceejeanbart.fr\/index.php\/wp-json\/wp\/v2\/users\/4"}],"replies":[{"embeddable":true,"href":"https:\/\/www.lyceejeanbart.fr\/index.php\/wp-json\/wp\/v2\/comments?post=3120"}],"version-history":[{"count":1,"href":"https:\/\/www.lyceejeanbart.fr\/index.php\/wp-json\/wp\/v2\/pages\/3120\/revisions"}],"predecessor-version":[{"id":3124,"href":"https:\/\/www.lyceejeanbart.fr\/index.php\/wp-json\/wp\/v2\/pages\/3120\/revisions\/3124"}],"wp:attachment":[{"href":"https:\/\/www.lyceejeanbart.fr\/index.php\/wp-json\/wp\/v2\/media?parent=3120"}],"curies":[{"name":"wp","href":"https:\/\/api.w.org\/{rel}","templated":true}]}}