{"id":997,"date":"2021-01-04T11:21:17","date_gmt":"2021-01-04T10:21:17","guid":{"rendered":"http:\/\/lyceejeanbart.fr\/?page_id=997"},"modified":"2025-10-08T17:36:17","modified_gmt":"2025-10-08T15:36:17","slug":"prepa","status":"publish","type":"page","link":"https:\/\/www.lyceejeanbart.fr\/index.php\/prepa\/","title":{"rendered":"Classes Pr\u00e9paratoires aux Grandes Ecoles"},"content":{"rendered":"<p>&nbsp;<\/p>\n<table style=\"border-collapse: collapse; width: 100%;\">\n<tbody>\n<tr>\n<td style=\"width: 100%;\">\n<ul>\n<li style=\"text-align: left;\">Le lyc\u00e9e Jean Bart propose 2 types de classes pr\u00e9paratoires :<br \/>\n<strong style=\"font-family: inherit; font-size: inherit;\">\u00a0Une <span style=\"color: #0000ff;\">classe pr\u00e9paratoire \u00e9conomique voie g\u00e9n\u00e9rale ECG<\/span> (avec deux parcours)<\/strong><span style=\"color: #0000ff;\"><strong> voir descriptif sous la vid\u00e9o<\/strong><\/span><strong style=\"font-family: inherit; font-size: inherit;\">.<br \/>\n<\/strong><strong style=\"font-family: inherit; font-size: inherit;\">\u00a0Des\u00a0 <span style=\"color: #0000ff;\"><a style=\"color: #0000ff;\" href=\"http:\/\/www.prepajeanbart.fr\/\" target=\"_blank\" rel=\"noopener\">classes pr\u00e9paratoires scientifiques<\/a><\/span>\u00a0: MPSI-PCSI ( en premi\u00e8re ann\u00e9e)\/ MP-PC*-PSI en deuxi\u00e8me ann\u00e9e<\/strong><strong style=\"font-family: inherit; font-size: inherit;\"><br \/>\n<\/strong><\/li>\n<\/ul>\n<p><iframe src=\"\/\/www.youtube.com\/embed\/gsok7WB6Who\" width=\"560\" height=\"628\" allowfullscreen=\"allowfullscreen\"><span data-mce-type=\"bookmark\" style=\"display: inline-block; width: 0px; overflow: hidden; line-height: 0;\" class=\"mce_SELRES_start\">\ufeff<\/span><\/iframe><\/p>\n<p>&nbsp;<\/td>\n<\/tr>\n<tr style=\"background-color: #e8e3e3;\">\n<td style=\"width: 100%;\"><\/td>\n<\/tr>\n<tr>\n<td style=\"width: 100%;\">\n<h1 id=\"1\" class=\"entry-title\"><span style=\"font-size: 18pt;\">Pr\u00e9pa ECG<\/span><\/h1>\n<h2 class=\"entry-title\"><span style=\"font-size: 16px;\">La pr\u00e9pa ECG est faite pour vous si vous :<\/span><\/h2>\n<div class=\"chapo surlignable\">\n<ul style=\"list-style-type: circle;\">\n<li>vous int\u00e9ressez aux sciences humaines et sociales (\u00e9conomie, g\u00e9ographie, g\u00e9opolitique, histoire et sociologie),<\/li>\n<li>disposez d\u2019un bon niveau de connaissance dans les disciplines \u00e9tudi\u00e9es au lyc\u00e9e, en particulier en math\u00e9matiques ( sp\u00e9cialit\u00e9 ou maths compl\u00e9mentaires) et dans les disciplines constitutives des humanit\u00e9s : lettres, langues, philosophie,<\/li>\n<li>poss\u00e9dez des aptitudes \u00e0 un travail approfondi et des capacit\u00e9s d\u2019organisation,<\/li>\n<li>montrez des qualit\u00e9s de r\u00e9flexion, d\u2019argumentation et de r\u00e9daction.<\/li>\n<\/ul>\n<\/div>\n<div class=\"texte surlignable clearfix\">\n<h2 class=\"entry-title\"><span style=\"font-size: 12pt;\">Deux parcours propos\u00e9s au lyc\u00e9e Jean Bart<\/span><\/h2>\n<p style=\"text-align: center;\"><strong>Deux parcours diff\u00e9rents<\/strong> sont propos\u00e9s<\/p>\n<p style=\"text-align: center;\"><img fetchpriority=\"high\" decoding=\"async\" class=\"aligncenter wp-image-3298\" src=\"https:\/\/www.lyceejeanbart.fr\/wp-content\/uploads\/2021\/04\/ECG-1024x677.jpg\" alt=\"\" width=\"800\" height=\"529\" srcset=\"https:\/\/www.lyceejeanbart.fr\/wp-content\/uploads\/2021\/04\/ECG-1024x677.jpg 1024w, https:\/\/www.lyceejeanbart.fr\/wp-content\/uploads\/2021\/04\/ECG-300x198.jpg 300w, https:\/\/www.lyceejeanbart.fr\/wp-content\/uploads\/2021\/04\/ECG-768x508.jpg 768w, https:\/\/www.lyceejeanbart.fr\/wp-content\/uploads\/2021\/04\/ECG.jpg 1050w\" sizes=\"(max-width: 800px) 100vw, 800px\" \/><\/p>\n<p>Des \u00ab\u00a0colles\u00a0\u00bb ( interrogations orales) hebdomadaires.\u00a0Le samedi matin est r\u00e9serv\u00e9 aux devoirs surveill\u00e9s.<\/p>\n<table style=\"width: 100%; border-collapse: collapse; border-color: #5c5757; background-color: #e8e3e3; border-style: dotted; height: 72px;\">\n<tbody>\n<tr style=\"height: 72px;\">\n<td style=\"width: 100%; height: 72px;\"><span style=\"text-decoration: underline;\"><strong>Pour postuler, une seule condition<\/strong><\/span>\u00a0:\u00a0<span style=\"text-decoration: underline;\"><i>avoir conserv\u00e9 les math\u00e9matiques, comme sp\u00e9cialit\u00e9 ou option ( maths compl\u00e9mentaires<\/i><\/span>).<\/p>\n<p>Toutes les sp\u00e9cialit\u00e9s permettent d\u2019entrer en ECG. Il n\u2019est pas n\u00e9cessaire d\u2019avoir suivi en Terminale une sp\u00e9 HGGSP (Histoire G\u00e9ographie G\u00e9opolitique Sciences Politiques) ou SES (Sciences Economiques et Sociales).<\/td>\n<\/tr>\n<\/tbody>\n<\/table>\n<h2><iframe src=\"\/\/www.youtube.com\/embed\/ztkgAZrR1yw\" width=\"560\" height=\"628\" allowfullscreen=\"allowfullscreen\"><\/iframe><\/h2>\n<h2><iframe src=\"\/\/www.youtube.com\/embed\/tWw5c_RLEg4\" width=\"560\" height=\"628\" allowfullscreen=\"allowfullscreen\"><\/iframe><\/h2>\n<h2 class=\"spip\">Un partenariat au service des \u00e9tudiants<\/h2>\n<p>La classe pr\u00e9paratoire aux grandes \u00e9coles ECG (\u00e9conomique et commerciale voie g\u00e9n\u00e9rale) est issue d\u2019un partenariat fort entre le Lyc\u00e9e Jean Bart de Dunkerque et l\u2019Universit\u00e9 du Littoral C\u00f4te d\u2019Opale. En deux ann\u00e9es, elle pr\u00e9pare les \u00e9tudiants aux concours des grandes \u00e9coles de commerce et de management.<\/p>\n<p>Fort de son exp\u00e9rience de plus de 40 ans, le Lyc\u00e9e Jean Bart a acquis une expertise dans la pr\u00e9paration aux concours des grandes \u00e9coles de commerce et de management, avec l\u2019obtention d\u2019excellents r\u00e9sultats d\u2019int\u00e9gration.<br class=\"autobr\" \/>L\u2019intervention des enseignants-chercheurs de l\u2019ULCO permet une approche tr\u00e8s sp\u00e9cialis\u00e9e des questions \u00e9conomiques du programme.<br class=\"autobr\" \/>De nombreux atouts\u00a0:<\/p>\n<ul class=\"spip\">\n<li>Suivi individualis\u00e9 de chaque \u00e9tudiant par une \u00e9quipe p\u00e9dagogique soud\u00e9e (conseils sur le choix des \u00e9coles, pr\u00e9paration diff\u00e9renci\u00e9e aux concours\u2026).<\/li>\n<li>Possibilit\u00e9s de passerelles et \u00e9quivalences entre les deux \u00e9tablissements.<\/li>\n<li>Proximit\u00e9 g\u00e9ographique des deux \u00e9tablissements (centre-ville de Dunkerque).<\/li>\n<li>Acc\u00e8s \u00e0 la biblioth\u00e8que universitaire et aux autres services universitaires.<\/li>\n<li>Les \u00e9tudes en CPGE ECE Jean Bart \/ ULCO sont gratuites.<\/li>\n<li>Possibilit\u00e9 de logement \u00e0 l\u2019internat du Lyc\u00e9e Jean Bart (\u00e0 demander sur PARCOURSUP).<\/li>\n<\/ul>\n<h2 class=\"spip\">D\u00e9bouch\u00e9s<\/h2>\n<p>Une formation en \u00e9cole de commerce et de management ou en master \u00e9conomie-gestion permet d\u2019ouvrir les portes de toutes les fonctions de l\u2019entreprise, des PME aux grands groupes, et pr\u00e9pare \u00e0 plus de 80 m\u00e9tiers, en fonction du projet professionnel de chaque \u00e9tudiant.<\/p>\n<h2 class=\"spip\">Organisation de la formation<\/h2>\n<p>Les cours d\u2019\u00e9conomie en deuxi\u00e8me ann\u00e9e sont assur\u00e9s par des enseignants de l\u2019ULCO (site de Dunkerque).<br class=\"autobr\" \/>Les cours sont dispens\u00e9s au Lyc\u00e9e Jean Bart de Dunkerque.<\/p>\n<p>Un cadre dipl\u00f4m\u00e9 d\u2019une grande \u00e9cole de commerce et de management doit\u00a0:<\/p>\n<ul class=\"spip\">\n<li>d\u00e9velopper une dimension internationale et interculturelle,<\/li>\n<li>avoir une solide culture g\u00e9n\u00e9rale pour r\u00e9ussir des rapports humains ais\u00e9s,<\/li>\n<li>savoir interpr\u00e9ter des donn\u00e9es chiffr\u00e9es,<\/li>\n<li>conna\u00eetre le monde dans lequel il vit,<\/li>\n<li>ma\u00eetriser les outils de communication moderne.<\/li>\n<\/ul>\n<p>Pour d\u00e9velopper ces comp\u00e9tences, la CPGE ECG propose les enseignements suivants (horaires officiels)\u00a0:<\/p>\n<h2 class=\"spip\">Admission et poursuite d&rsquo;\u00e9tudes<\/h2>\n<p>De nombreuses sources de financement dans les \u00e9coles de commerce : apprentissage &#8211; alternance &#8211; pr\u00eats bancaires \u00e0 taux privil\u00e9gi\u00e9s.<\/p>\n<\/div>\n<\/td>\n<\/tr>\n<tr style=\"background-color: #e8e3e3;\">\n<td style=\"width: 100%;\"><\/td>\n<\/tr>\n<tr>\n<td style=\"width: 100%;\">\n<h1 id=\"2\"><span style=\"font-size: 18pt;\">Pr\u00e9pa PCSI ou MPSI <\/span><\/h1>\n<p>Le Lyc\u00e9e Jean Bart de Dunkerque propose un cursus de deux ans d&rsquo;\u00e9tudes sup\u00e9rieures scientifiques de haut niveau, accessible aux bons \u00e9l\u00e8ves de Terminales Scientifiques de tous les environs.<\/p>\n<p>Les classes pr\u00e9paratoires scientifiques &#8211; PCSI ou MPSI en premi\u00e8re ann\u00e9e \/ PC*, PSI ou MP en deuxi\u00e8me ann\u00e9e &#8211; offrent une formation solide en Math\u00e9matiques, Physique, Chimie, Sciences de l&rsquo;Ing\u00e9nieur, Informatique, Fran\u00e7ais et Langues pour passer les concours nationaux d&rsquo;entr\u00e9e en Ecoles d&rsquo;Ing\u00e9nieurs.<\/p>\n<p>Avec un programme d\u00e9fini au niveau national et un haut niveau de formation et d&rsquo;exigence de ses enseignants &#8211; identiques dans toutes les pr\u00e9pas &#8211; la pr\u00e9pa Jean Bart dispose des m\u00eames atouts qu&rsquo;ailleurs, tout en restant une pr\u00e9pa de proximit\u00e9 !<\/p>\n<p>Avec des effectifs plus raisonnables que dans les grandes structures, l&rsquo;encadrement des \u00e9tudiants est renforc\u00e9 et permet une pr\u00e9paration adapt\u00e9e au niveau et aux exigences de chacun pour que tout le monde r\u00e9ussisse dans les meilleures conditions.<\/p>\n<p>Parce que les \u00e9tudiants sont tous diff\u00e9rents et que les concours ne se pr\u00e9parent pas tous de la m\u00eame mani\u00e8re, la pr\u00e9pa Jean Bart cultive la diff\u00e9rence et la libert\u00e9 propres \u00e0 tous les scientifiques!<\/p>\n<p>Vous aimez les sciences ? Vous voulez devenir ing\u00e9nieur(e), enseignant(e) ou chercheur(-se) ? La pr\u00e9pa Jean Bart marque le d\u00e9but d&rsquo;une carri\u00e8re scientifique \u00e0 la hauteur de tous vos projets&#8230;<\/p>\n<p><iframe src=\"\/\/www.youtube.com\/embed\/xvd9E-guatE\" width=\"280\" height=\"314\" allowfullscreen=\"allowfullscreen\"><\/iframe><\/p>\n<p><iframe src=\"\/\/www.youtube.com\/embed\/Ifug2Pq_uUM\" width=\"280\" height=\"314\" allowfullscreen=\"allowfullscreen\"><\/iframe><\/td>\n<\/tr>\n<\/tbody>\n<\/table>\n<p><iframe src=\"\/\/www.youtube.com\/embed\/6lpZ45iSO38\" width=\"280\" height=\"314\" allowfullscreen=\"allowfullscreen\"><\/iframe><\/p>\n<p><iframe src=\"\/\/www.youtube.com\/embed\/DAa3JSdaIFc\" width=\"280\" height=\"314\" allowfullscreen=\"allowfullscreen\"><\/iframe><\/p>\n","protected":false},"excerpt":{"rendered":"<p>&nbsp; Le lyc\u00e9e Jean Bart propose 2 types de classes pr\u00e9paratoires : \u00a0Une classe pr\u00e9paratoire \u00e9conomique voie g\u00e9n\u00e9rale ECG (avec deux parcours) voir descriptif sous la vid\u00e9o. \u00a0Des\u00a0 classes pr\u00e9paratoires scientifiques\u00a0: MPSI-PCSI ( en premi\u00e8re ann\u00e9e)\/ MP-PC*-PSI en deuxi\u00e8me ann\u00e9e \ufeff &nbsp; Pr\u00e9pa ECG La pr\u00e9pa ECG est faite pour vous si vous : vous [&hellip;]<\/p>\n","protected":false},"author":11,"featured_media":0,"parent":0,"menu_order":0,"comment_status":"closed","ping_status":"closed","template":"","meta":{"ocean_post_layout":"","ocean_both_sidebars_style":"","ocean_both_sidebars_content_width":0,"ocean_both_sidebars_sidebars_width":0,"ocean_sidebar":"0","ocean_second_sidebar":"0","ocean_disable_margins":"enable","ocean_add_body_class":"","ocean_shortcode_before_top_bar":"","ocean_shortcode_after_top_bar":"","ocean_shortcode_before_header":"","ocean_shortcode_after_header":"","ocean_has_shortcode":"","ocean_shortcode_after_title":"","ocean_shortcode_before_footer_widgets":"","ocean_shortcode_after_footer_widgets":"","ocean_shortcode_before_footer_bottom":"","ocean_shortcode_after_footer_bottom":"","ocean_display_top_bar":"default","ocean_display_header":"default","ocean_header_style":"","ocean_center_header_left_menu":"0","ocean_custom_header_template":"0","ocean_custom_logo":0,"ocean_custom_retina_logo":0,"ocean_custom_logo_max_width":0,"ocean_custom_logo_tablet_max_width":0,"ocean_custom_logo_mobile_max_width":0,"ocean_custom_logo_max_height":0,"ocean_custom_logo_tablet_max_height":0,"ocean_custom_logo_mobile_max_height":0,"ocean_header_custom_menu":"0","ocean_menu_typo_font_family":"0","ocean_menu_typo_font_subset":"","ocean_menu_typo_font_size":0,"ocean_menu_typo_font_size_tablet":0,"ocean_menu_typo_font_size_mobile":0,"ocean_menu_typo_font_size_unit":"px","ocean_menu_typo_font_weight":"","ocean_menu_typo_font_weight_tablet":"","ocean_menu_typo_font_weight_mobile":"","ocean_menu_typo_transform":"","ocean_menu_typo_transform_tablet":"","ocean_menu_typo_transform_mobile":"","ocean_menu_typo_line_height":0,"ocean_menu_typo_line_height_tablet":0,"ocean_menu_typo_line_height_mobile":0,"ocean_menu_typo_line_height_unit":"","ocean_menu_typo_spacing":0,"ocean_menu_typo_spacing_tablet":0,"ocean_menu_typo_spacing_mobile":0,"ocean_menu_typo_spacing_unit":"","ocean_menu_link_color":"","ocean_menu_link_color_hover":"","ocean_menu_link_color_active":"","ocean_menu_link_background":"","ocean_menu_link_hover_background":"","ocean_menu_link_active_background":"","ocean_menu_social_links_bg":"","ocean_menu_social_hover_links_bg":"","ocean_menu_social_links_color":"","ocean_menu_social_hover_links_color":"","ocean_disable_title":"default","ocean_disable_heading":"default","ocean_post_title":"","ocean_post_subheading":"","ocean_post_title_style":"","ocean_post_title_background_color":"","ocean_post_title_background":0,"ocean_post_title_bg_image_position":"","ocean_post_title_bg_image_attachment":"","ocean_post_title_bg_image_repeat":"","ocean_post_title_bg_image_size":"","ocean_post_title_height":0,"ocean_post_title_bg_overlay":0.5,"ocean_post_title_bg_overlay_color":"","ocean_disable_breadcrumbs":"default","ocean_breadcrumbs_color":"","ocean_breadcrumbs_separator_color":"","ocean_breadcrumbs_links_color":"","ocean_breadcrumbs_links_hover_color":"","ocean_display_footer_widgets":"default","ocean_display_footer_bottom":"default","ocean_custom_footer_template":"0","footnotes":""},"_links":{"self":[{"href":"https:\/\/www.lyceejeanbart.fr\/index.php\/wp-json\/wp\/v2\/pages\/997"}],"collection":[{"href":"https:\/\/www.lyceejeanbart.fr\/index.php\/wp-json\/wp\/v2\/pages"}],"about":[{"href":"https:\/\/www.lyceejeanbart.fr\/index.php\/wp-json\/wp\/v2\/types\/page"}],"author":[{"embeddable":true,"href":"https:\/\/www.lyceejeanbart.fr\/index.php\/wp-json\/wp\/v2\/users\/11"}],"replies":[{"embeddable":true,"href":"https:\/\/www.lyceejeanbart.fr\/index.php\/wp-json\/wp\/v2\/comments?post=997"}],"version-history":[{"count":59,"href":"https:\/\/www.lyceejeanbart.fr\/index.php\/wp-json\/wp\/v2\/pages\/997\/revisions"}],"predecessor-version":[{"id":8305,"href":"https:\/\/www.lyceejeanbart.fr\/index.php\/wp-json\/wp\/v2\/pages\/997\/revisions\/8305"}],"wp:attachment":[{"href":"https:\/\/www.lyceejeanbart.fr\/index.php\/wp-json\/wp\/v2\/media?parent=997"}],"curies":[{"name":"wp","href":"https:\/\/api.w.org\/{rel}","templated":true}]}}